{"id":221,"date":"2024-05-20T07:54:57","date_gmt":"2024-05-20T07:54:57","guid":{"rendered":"https:\/\/demosites.royal-elementor-addons.com\/graphic-nature-v1\/?page_id=10"},"modified":"2025-04-23T09:15:25","modified_gmt":"2025-04-23T09:15:25","slug":"contact","status":"publish","type":"page","link":"https:\/\/bronks.pt\/?page_id=221","title":{"rendered":"Candidata-te"},"content":{"rendered":"<div class=\"wpb-content-wrapper\"><p>[vc_row css=&#8221;.vc_custom_1740700060170{margin-top: 50px !important;margin-bottom: 50px !important;}&#8221;][vc_column]<div style=\"margin:0px 0px 50px 0px;\" class=\"special-heading space-x\">\r\n\t\t\t\t\t<h1 class=\"main-heading\" style=\"font-size:45px; font-weight:500; line-height:55px; text-align:center; text-transform:uppercase; color:#333333;\">Fala Barbeiro(a), tudo certo?<\/h1>\r\n\t\t\t\t\t<div class=\"img-seperator center-pos\"><img decoding=\"async\" src=\"https:\/\/bronks.pt\/wp-content\/plugins\/gentlecut_core\/\/img\/dark_seperator.png\" alt=\"\"><\/div>\r\n\t\t\t\t\t\r\n\t\t\t\t<\/div><div style=\"margin:0px 0px 20px 0px;\" class=\"special-text\">\r\n\t\t\t\t\t<p style=\"font-size:14px !important; font-weight:400; line-height:33px; text-align:center; color:#636262;\">Seja bem-vindo(a) ao processo de sele\u00e7\u00e3o da Bronks. O formul\u00e1rio abaixo, \u00e9 a 1\u00aa etapa para an\u00e1lise de candidatos para a vaga, e em caso de aprova\u00e7\u00e3o premiliar entraremos em contato para agendar um encontro pessoal.<\/p>\r\n\t\t\t\t<\/div><div style=\"margin:0px 0px 20px 0px;\" class=\"special-text\">\r\n\t\t\t\t\t<p style=\"font-size:14px !important; font-weight:400; line-height:33px; text-align:center; color:#636262;\">Por enquanto, \u00e9 importante saber que te est\u00e1s a candidatar:<\/p>\r\n\t\t\t\t<\/div><div style=\"margin:0px 0px 20px 0px;\" class=\"special-text\">\r\n\t\t\t\t\t<p style=\"font-size:14px !important; font-weight:400; line-height:33px; text-align:center; color:#636262;\">Vaga: Barbeiro<\/p>\r\n\t\t\t\t<\/div>\n<div class=\"wpcf7 no-js\" id=\"wpcf7-f1330-o1\" lang=\"en-US\" dir=\"ltr\" data-wpcf7-id=\"1330\">\n<div class=\"screen-reader-response\"><p role=\"status\" aria-live=\"polite\" aria-atomic=\"true\"><\/p> <ul><\/ul><\/div>\n<form action=\"\/index.php?rest_route=%2Fwp%2Fv2%2Fpages%2F221#wpcf7-f1330-o1\" method=\"post\" class=\"wpcf7-form init\" aria-label=\"Contact form\" novalidate=\"novalidate\" data-status=\"init\">\n<div style=\"display: none;\">\n<input type=\"hidden\" name=\"_wpcf7\" value=\"1330\" \/>\n<input type=\"hidden\" name=\"_wpcf7_version\" value=\"6.0\" \/>\n<input type=\"hidden\" name=\"_wpcf7_locale\" value=\"en_US\" \/>\n<input type=\"hidden\" name=\"_wpcf7_unit_tag\" value=\"wpcf7-f1330-o1\" \/>\n<input type=\"hidden\" name=\"_wpcf7_container_post\" value=\"0\" \/>\n<input type=\"hidden\" name=\"_wpcf7_posted_data_hash\" value=\"\" \/>\n<\/div>\n<p class=\"left_field\"><br \/>\n<span class=\"wpcf7-form-control-wrap\" data-name=\"text-819\"><input size=\"40\" maxlength=\"400\" class=\"wpcf7-form-control wpcf7-text wpcf7-validates-as-required\" aria-required=\"true\" aria-invalid=\"false\" placeholder=\"Nome*\" value=\"\" type=\"text\" name=\"text-819\" \/><\/span>\n<\/p>\n<p class=\"right_field\"><br \/>\n<span class=\"wpcf7-form-control-wrap\" data-name=\"email-958\"><input size=\"40\" maxlength=\"400\" class=\"wpcf7-form-control wpcf7-email wpcf7-validates-as-required wpcf7-text wpcf7-validates-as-email\" aria-required=\"true\" aria-invalid=\"false\" placeholder=\"Email*\" value=\"\" type=\"email\" name=\"email-958\" \/><\/span>\n<\/p>\n<p class=\"left_field\"><br \/>\n<span class=\"wpcf7-form-control-wrap\" data-name=\"tel-766\"><input size=\"40\" maxlength=\"400\" class=\"wpcf7-form-control wpcf7-tel wpcf7-text wpcf7-validates-as-tel\" aria-invalid=\"false\" placeholder=\"N\u00famero de telefone*\" value=\"\" type=\"tel\" name=\"tel-766\" \/><\/span>\n<\/p>\n<p class=\"right_field\"><br \/>\n<span class=\"wpcf7-form-control-wrap\" data-name=\"text-819\"><input size=\"40\" maxlength=\"400\" class=\"wpcf7-form-control wpcf7-text\" aria-invalid=\"false\" placeholder=\"Assunto\" value=\"\" type=\"text\" name=\"text-819\" \/><\/span>\n<\/p>\n<p class=\"message_field\"><br \/>\n<span class=\"wpcf7-form-control-wrap\" data-name=\"textarea-680\"><textarea cols=\"40\" rows=\"10\" maxlength=\"2000\" class=\"wpcf7-form-control wpcf7-textarea wpcf7-validates-as-required\" aria-required=\"true\" aria-invalid=\"false\" placeholder=\"A sua mensagem\" name=\"textarea-680\"><\/textarea><\/span>\n<\/p>\n<p><input class=\"wpcf7-form-control wpcf7-submit has-spinner\" type=\"submit\" value=\"Enviar\" \/>\n<\/p><div class=\"wpcf7-response-output\" aria-hidden=\"true\"><\/div>\n<\/form>\n<\/div>\n[\/vc_column][\/vc_row][vc_row full_width=&#8221;stretch_row_content_no_spaces&#8221;][vc_column][vc_gmaps link=&#8221;#E-8_JTNDaWZyYW1lJTIwc3JjJTNEJTIyaHR0cHMlM0ElMkYlMkZ3d3cuZ29vZ2xlLmNvbSUyRm1hcHMlMkZlbWJlZCUzRnBiJTNEJTIxMW0xOCUyMTFtMTIlMjExbTMlMjExZDMwNDQuMTczODEwMjYyODg3JTIxMmQtNy41MDAxODYzMjQzMjkzNjklMjEzZDQwLjI3MTg4OTA3MTQ2MzIyJTIxMm0zJTIxMWYwJTIxMmYwJTIxM2YwJTIxM20yJTIxMWkxMDI0JTIxMmk3NjglMjE0ZjEzLjElMjEzbTMlMjExbTIlMjExczB4ZDNkMjM1Yjk0NmJlMzZmJTI1M0EweDNkMTA0MDQ5YTA2NzA0YTMlMjEyc0Jyb25rJTI1QzIlMjVCNHMlMjUyMEJhcmJlciUyNTIwU2hvcCUyMTVlMCUyMTNtMiUyMTFzcHQtUFQlMjEyc3B0JTIxNHYxNzQwNjk5NDA5NTY2JTIxNW0yJTIxMXNwdC1QVCUyMTJzcHQlMjIlMjB3aWR0aCUzRCUyMjYwMCUyMiUyMGhlaWdodCUzRCUyMjQ1MCUyMiUyMHN0eWxlJTNEJTIyYm9yZGVyJTNBMCUzQiUyMiUyMGFsbG93ZnVsbHNjcmVlbiUzRCUyMiUyMiUyMGxvYWRpbmclM0QlMjJsYXp5JTIyJTIwcmVmZXJyZXJwb2xpY3klM0QlMjJuby1yZWZlcnJlci13aGVuLWRvd25ncmFkZSUyMiUzRSUzQyUyRmlmcmFtZSUzRQ==&#8221;][\/vc_column][\/vc_row]<\/p>\n<\/div>","protected":false},"excerpt":{"rendered":"<p>[vc_row css=&#8221;.vc_custom_1740700060170{margin-top: 50px !important;margin-bottom: 50px !important;}&#8221;][vc_column][\/vc_column][\/vc_row][vc_row full_width=&#8221;stretch_row_content_no_spaces&#8221;][vc_column][vc_gmaps link=&#8221;#E-8_JTNDaWZyYW1lJTIwc3JjJTNEJTIyaHR0cHMlM0ElMkYlMkZ3d3cuZ29vZ2xlLmNvbSUyRm1hcHMlMkZlbWJlZCUzRnBiJTNEJTIxMW0xOCUyMTFtMTIlMjExbTMlMjExZDMwNDQuMTczODEwMjYyODg3JTIxMmQtNy41MDAxODYzMjQzMjkzNjklMjEzZDQwLjI3MTg4OTA3MTQ2MzIyJTIxMm0zJTIxMWYwJTIxMmYwJTIxM2YwJTIxM20yJTIxMWkxMDI0JTIxMmk3NjglMjE0ZjEzLjElMjEzbTMlMjExbTIlMjExczB4ZDNkMjM1Yjk0NmJlMzZmJTI1M0EweDNkMTA0MDQ5YTA2NzA0YTMlMjEyc0Jyb25rJTI1QzIlMjVCNHMlMjUyMEJhcmJlciUyNTIwU2hvcCUyMTVlMCUyMTNtMiUyMTFzcHQtUFQlMjEyc3B0JTIxNHYxNzQwNjk5NDA5NTY2JTIxNW0yJTIxMXNwdC1QVCUyMTJzcHQlMjIlMjB3aWR0aCUzRCUyMjYwMCUyMiUyMGhlaWdodCUzRCUyMjQ1MCUyMiUyMHN0eWxlJTNEJTIyYm9yZGVyJTNBMCUzQiUyMiUyMGFsbG93ZnVsbHNjcmVlbiUzRCUyMiUyMiUyMGxvYWRpbmclM0QlMjJsYXp5JTIyJTIwcmVmZXJyZXJwb2xpY3klM0QlMjJuby1yZWZlcnJlci13aGVuLWRvd25ncmFkZSUyMiUzRSUzQyUyRmlmcmFtZSUzRQ==&#8221;][\/vc_column][\/vc_row]<\/p>\n","protected":false},"author":1,"featured_media":0,"parent":0,"menu_order":0,"comment_status":"closed","ping_status":"closed","template":"","meta":{"footnotes":""},"class_list":["post-221","page","type-page","status-publish","hentry"],"_links":{"self":[{"href":"https:\/\/bronks.pt\/index.php?rest_route=\/wp\/v2\/pages\/221","targetHints":{"allow":["GET"]}}],"collection":[{"href":"https:\/\/bronks.pt\/index.php?rest_route=\/wp\/v2\/pages"}],"about":[{"href":"https:\/\/bronks.pt\/index.php?rest_route=\/wp\/v2\/types\/page"}],"author":[{"embeddable":true,"href":"https:\/\/bronks.pt\/index.php?rest_route=\/wp\/v2\/users\/1"}],"replies":[{"embeddable":true,"href":"https:\/\/bronks.pt\/index.php?rest_route=%2Fwp%2Fv2%2Fcomments&post=221"}],"version-history":[{"count":3,"href":"https:\/\/bronks.pt\/index.php?rest_route=\/wp\/v2\/pages\/221\/revisions"}],"predecessor-version":[{"id":4461,"href":"https:\/\/bronks.pt\/index.php?rest_route=\/wp\/v2\/pages\/221\/revisions\/4461"}],"wp:attachment":[{"href":"https:\/\/bronks.pt\/index.php?rest_route=%2Fwp%2Fv2%2Fmedia&parent=221"}],"curies":[{"name":"wp","href":"https:\/\/api.w.org\/{rel}","templated":true}]}}